 number?
False
Let m be 20*65/6 - (-36)/(-54). Let t be (0/((-6)/(-2)))/(-2) + m. Let a = t + -25. Is a a composite number?
False
Is 6/1 + (-106942)/88*-44 a composite number?
True
Suppose -5*y = -0*y + 40835. Let j = y - -13010. Is j composite?
True
Is ((-4)/(-8))/((-1)/22465*(-66)/132) prime?
False
Suppose -j = j - 130. Let d(x) = x**2 - 52*x + 326. Let z be d(8). Let b = z + j. Is b composite?
True
Let t(u) = -u**2 + 2*u + 34. Let m be t(11). Let z = m - -89. Is 12/z + 2/4 - -1436 prime?
False
Let g = -456 + 147. Suppose 2234 - 286 = -4*t. Let v = g - t. Is v a prime number?
False
Let j be 37767*(-4)/12 - (1 - 3). Is j/(-4)*(-31)/((-403)/52) a prime number?
False
Let n be -13667 + 10 + -15 + (-2)/(-1). Let d = 28369 + n. Is d composite?
False
Let m(n) be the second derivative of -47*n**3/6 + 5*n**2/2 - 8*n. Let h be m(1). Let t = 75 + h. Is t a prime number?
False
Suppose -3527*t = -3519*t - 184936. Is t prime?
True
Let j(d) = d**3 - 55*d**2 + 216*d - 319. Is j(72) a prime number?
False
Let w = 12 - 12. Suppose 3*f - 4026 = 2*l, l + l = 2*f - 2686. Suppose -2*c + v + 2677 = 0, v - f = -c - w*c. Is c prime?
False
Suppose -56*b = -52*b + 12. Let n = -2 + 2. Is 4 - n - (-468 - b) a composite number?
True
Let n be 47/9 - 38/1539*9. Let l(y) = 232*y - 2. Let m be l(2). Suppose -n*i + 173 = -m. Is i prime?
True
Let u(g) = -19*g**2 + 5*g + 116. Let i be u(17). Let l = -3584 - i. Is l composite?
True
Suppose -6*r = -21*r + 60. Let t be 227/(4 + (r - 7)). Let c = t + -106. Is c a prime number?
False
Let o(n) = 599*n**3 - n**2 + 2*n - 2. Let f be -1*2*(-7)/14. Let l be o(f). Let m = l + 145. Is m composite?
False
Let v(m) = 24*m**2 + 3*m - 1. Let k be v(-1). Suppose 23*a = k*a. Suppose 0 = 5*f + 5*n - 5557 - 4173, 4*f - 3*n - 7805 = a. Is f a prime number?
True
Let h be (6 + -5)*30/(-1 + -1). Let c(r) = r**2 - 50*r + 8. Is c(h) composite?
False
Let y = 19 + -16. Suppose -4*w + 5866 = y*w. Is w composite?
True
Let x(y) = -y**3 - 4*y**2 - 7*y - 3. Let h be x(-2). Suppose -93 + 66 = -h*z. Suppose t = -z*t + 5710. Is t composite?
False
Suppose -186 = -4*c - 2*z, -5*c + z + 21 = -229. Let f be 21/c - 24060/(-14). Let r = f + -1154. Is r a prime number?
False
Suppose -4*n = -4*k - 27632, -n + 4513 = 4*k - 2405. Is 3*n - (-7)/63*-9 a composite number?
True
Is (-961878)/(-12)*(-11 - (-130)/10) composite?
False
Suppose -160 = 6*w - 16*w. Suppose 0 = 10*s - w*s + 8394. Is s a prime number?
True
Let a(u) = u + 29. Let r be a(-18). Suppose x = h + 1528, r*x - 2*h = 12*x - 1531. Is x a prime number?
False
Suppose 5*k - 396 = -4*k. Let l = -42 + k. Suppose 0 = -l*u + 8, 5*s + 4*u - 1291 = 160. Is s prime?
False
Let q = 3063 + 6215. Suppose 4*i - q = 3*w, -5*i + 10451 = -w - 1152. Is i composite?
True
Let g(u) = -181609*u + 1583. Is g(-2) prime?
True
Suppose -2*p - 3*v - 13186 + 931035 = 0, p - 458907 = 2*v. Is p a prime number?
True
Let o be (616308/(-261))/(1/3). Let j = -4667 - o. Is j prime?
True
Let s(t) = 3*t + 60. Let c be s(-20). Is 9652/4 + (c - 2) a composite number?
False
Let s = 398653 - 163372. Is s a prime number?
False
Let o = 96534 - 49283. Is o a prime number?
True
Let s(m) = -1612*m - 378*m + 88 + 13 - 10. Is s(-12) a composite number?
False
Suppose 3*k - 5*w = -0*k + 35, 4*k - 36 = 4*w. Suppose -t = -2*r + 5220, -7*r + 9*r - 5228 = k*t. Is r a composite number?
False
Suppose 14*m + 17898 = 11*m. Let w = 16390 + m. Suppose -3*c = -2*q - 9875 - w, -13546 = -2*c - 2*q. Is c prime?
False
Suppose -26398 = -5*f - 11*f + 87250. Is f composite?
False
Suppose 0 = -4*v + 138 + 34. Let s = v + -42. Is 1 - (-306)/(s/1) a composite number?
False
Let r be (-754)/87 - 8/(-3). Let d(j) = -1889*j + 3. Is d(r) a composite number?
True
Suppose -7*o = -109 - 31. Suppose 0 = -4*l + 2*l + o. Suppose -3461 = l*v - 25051. Is v a prime number?
False
Let x = -17 + 20. Suppose -2*l - 2*k = -3*k - 14799, -x*l = k - 22186. Suppose -5*o - 4*g = -0*o - l, -2*g + 7401 = 5*o. Is o composite?
False
Is 9774855/11 - (0 + (-12)/(-66)) a composite number?
False
Let g(q) = 257*q + 23. Let k = -113 - -215. Let r = k - 100. Is g(r) a composite number?
True
Is (-14 - -518236) + (-20 - 4) composite?
True
Suppose -73 = -3*s + 152. Let x = 39 - s. Is -1142*(-6)/x*-1*3 a composite number?
False
Let d be -4*(-343)/14*(-46)/(-4). Let q = 3777 + -2151. Let z = q - d. Is z composite?
False
Let f = 11529 - 3458. Suppose -6*h = h + f. Let y = 2214 + h. Is y prime?
True
Suppose 0 = 4*c - 4*x - 80, 3*c + 54 = 6*c - 5*x. Suppose -c*w + 29*w - 86178 = 0. Is w a prime number?
False
Suppose 2*b + 2014 = 2*i, 6*b = -2*i + 7*b + 2015. Let z = i - -1193. Is z prime?
False
Let j(t) = 18*t**2 + 52*t - 201. Is j(-52) a prime number?
True
Let g(n) = 46*n - 43. Let l be g(32). Suppose 0 = -u + 5, 0 = p + 2*u + l + 1085. Let w = 4447 + p. Is w a prime number?
False
Let x be ((-5)/(25/12))/(23/(-460)). Let y be 89862/x - (-2)/(-16). Suppose 5*p = b - 449, -2*b + y = 2*b - p. Is b a prime number?
False
Suppose 9*v = -7504 - 8525. Let i = 77 - v. Is i composite?
True
Let j(w) = -2*w**2 + 21*w + 14. Let u be j(11). Suppose -3108 = -u*s + 2571. Is s a prime number?
False
Let g = -36119 + 67837. Is g composite?
True
Is -10831*1/(2/8 - (-160)/(-128)) a prime number?
True
Let a = -58 - -78. Suppose a = 5*c - c. Suppose c*h = -x + 1533, 2*x - h - 714 = 2374. Is x a prime number?
True
Let o(l) = l. Let s(w) = 2*w**2 - 11*w + 19. Let i(y) = -5*o(y) + s(y). Is i(10) a prime number?
True
Let f be (28/(-8))/7*-10. Suppose 5*l - 3*n - 20 = 0, 19 = -4*l - f*n - 2. Is l + 231 + (-17 - -20) composite?
True
Suppose 4*m - 4 = 4*z, 0*z - z - 2*m = -11. Let c be ((-8)/32)/(z/(-10884)). Suppose -2*h = -4*h + w + c, h = 2*w + 461. Is h a prime number?
False
Suppose 118*h - 33175 = 113*h. Suppose p - h - 13686 = 0. Is p a prime number?
False
Suppose r + 11 - 16 = -2*n, -5 = 4*n + 5*r. Suppose -n*b + 8272 = 1977. Is b composite?
False
Let y(c) = -179*c + 64. Let t(o) = 36*o - 13. Let z(f) = -11*t(f) - 2*y(f). Let r(m) = -m. Let p(j) = 6*r(j) - z(j). Is p(5) prime?
False
Let x(j) be the third derivative of -j**5/60 - 17*j**4/24 + 11*j**3/3 + 25*j**2. Let m be x(-18). Suppose -623 + 2875 = m*o. Is o composite?
False
Let c = 13332 - 26354. Let u = c - -21929. Is u prime?
False
Suppose -2*w + 4*t = -17942, -24*w + 23*w + 3*t = -8965. Is w prime?
False
Suppose -70*c - 70*c = -42*c - 35004326. Is c a prime number?
False
Let o(x) = x**2 + 15*x - 8. Let m be o(0). Is 2*-7*(500/m - 1) a prime number?
False
Let u(q) = 10*q - 43 + 36 + 9*q**2 + 83*q**2. Is u(6) a prime number?
False
Let k = 166980 + -43279. Is k composite?
False
Let m(t) = -25227*t - 1463. Is m(-6) a prime number?
True
Let k(x) = 108*x**3 - 131*x**2 - 7*x - 181. Is k(14) a composite number?
True
Is (-50239846)/(-50) + ((-480)/(-500))/12 a prime number?
True
Let v be -2*2*(-6 + 16). Let f = v + 44. Is -21*f/12*(-134)/2 a prime number?
False
Let d be 8 - ((-105)/(-18) + (-5)/(-30)). Let l(g) = -g**3 - 8*g**2 + 5*g + 4. Let k be l(-10). Suppose -5*i + d*c + 3305 = k, -c = 3*i - 1884. Is i prime?
False
Suppose 11*p - 4*p = 5*p. Suppose 5*h - 2*h - 3*n + 90 = 0, p = 4*n - 16. Let u = 439 + h. Is u a composite number?
True
Let f = -381649 + 811766. Is f composite?
True
Let j be -2*1*(-5)/(-25)*20. Let d be 2/j + (-170)/(-40). Suppose -5*a + d*i + 3822 = 3, -3*a + 2288 = i. Is a composite?
True
Let u be ((-1)/(10/5125))/((-8)/128). Let m = 1333 + u. Is m a composite number?
False
Suppose -5*y + y = -80760. Suppose 21*x + 9*x - y = 0. Is x a prime number?
True
Suppose 21*p = 11*p + 30. Suppose 7378 = p*k + 5*d, -10*k + d = -11*k + 2460. Is k prime?
False
Let r(s) be the third derivative of 23*s**5/60 - s**4/6 + s**3 + 25*s**2. Let j(i) = i**2 + i + 1. Let t(p) = -j(p) + r(p). Is t(4) prime?
True
Suppose -1923*i + v = -1927*i + 300428, 0 = -4*v - 32. Is i a prime number?
True
Let y = -31 + 38. Is ((-1)/(-2))/(y/440566) composite?
False
Let s(d) = 61*d**2 + 244*d - 5946. Is s(61) composite?
False
Suppose 397*d - 9077736 - 36463325 = 0. Is d a composite number?
False
Suppose -3*k - 4*c = 2*k - 20, 2*k + 5 = c. Suppose 16*i - 19*i + 1458 = k. Suppose -5*m + i = 3*d, 4*d - 4*m = 663 + 17. Is d a composite number?
False
Suppose -36*v = -28*v - 24. Suppose z + 2*i = 4765, v*z - 3*i = 680 + 1